+ 144 - 24. What is the greatest common divisor of b and l?
8
Let d(b) be the first derivative of b**4/4 + 10*b**3/3 - 6*b**2 - 10*b - 11. Let m = -35 + 24. Let y be d(m). Calculate the highest common divisor of y and 8.
1
Let i = -5410 - -5532. Calculate the highest common factor of i and 5734.
122
Suppose 306 = -u + 4*u. Suppose -10 = -25*m + 23*m. Suppose 0 = m*i - 2*v + 76 - 333, -3*v - 258 = -5*i. What is the greatest common factor of i and u?
51
Let c be 1/(-2) + 23/2. Suppose 0 = 2*g - 2*j - 1744, -85*g + 83*g - 3*j = -1729. What is the highest common divisor of g and c?
11
Let p be (-42*5)/(2 + -3 + 0). Suppose 9*f = 16*f + p. Let s = f - -50. What is the greatest common factor of s and 20?
20
Suppose 2*l = 3*l - 40. Let q = -38 + l. Let t be (-13)/(-2 + 9/6). What is the highest common factor of q and t?
2
Let u be (11 + (-918)/85)/((-4)/(-30))*138. What is the highest common divisor of 4692 and u?
69
Suppose 6674 = 13*j + 24*j - 11308. Calculate the highest common divisor of j and 5994.
162
Let o be ((-3)/(-9))/(-6*(-11)/9504). What is the greatest common divisor of 496 and o?
16
Let b(k) = -k**3 + 11*k**2 - 19*k - 17. Let c be b(4). Suppose d - 190 = -4*d. What is the highest common factor of c and d?
19
Let t(r) = 8*r - 32. Let a be t(4). Suppose a*p - p + 2*k = -1, 5*k - 5 = 0. What is the greatest common divisor of p and 255?
3
Let q be 3*114 + -4*2/4. Let c = q - 142. Suppose 5*r + 90 = 10*r. What is the highest common divisor of c and r?
18
Suppose -18*c = -34 - 2. Suppose 5*v - 288 = -3*z, -c*z + 5*v + 192 = -0. What is the highest common factor of 432 and z?
48
Let y = 12920 - 12872. Suppose -5*s = -43 - 197. What is the highest common divisor of y and s?
48
Suppose 196 = 32*l - 25*l - 0*l. Let m be (-5)/(-10)*(-32)/(-1). Calculate the highest common divisor of l and m.
4
Let n(x) = 88*x - 120. Let r(o) = 5*o + 113. Let s be r(-22). Let q be n(s). What is the highest common factor of q and 18?
18
Let i be (6/(-9))/((4/14)/(594/(-42))). What is the greatest common divisor of 231 and i?
33
Let g(x) = -20*x + 32. Let l be g(17). Let h = l - -322. Let t(p) = -5*p - 10. Let m be t(-9). Calculate the highest common divisor of m and h.
7
Suppose -5*p = -y - 8783 + 583, 5*y + 6560 = 4*p. Calculate the greatest common factor of 30 and p.
10
Let l be 27/18 - (4 - 55/10). Suppose -l*n + 2*j + 316 = 0, -4*j + 320 = 5*n - 236. Calculate the greatest common divisor of n and 81.
27
Let r(i) = -i**3 - 25*i**2 + 55*i + 43. Let g be r(-27). What is the highest common divisor of g and 1968?
16
Suppose 2*p - 32 = 100. Let v be 320/(-1600) + 2641/5. What is the greatest common divisor of v and p?
66
Suppose 0 = -4*k + 8*k - 40. Let c = -7 + k. Let i = -363 - -375. What is the greatest common divisor of c and i?
3
Suppose -4*g + 6561 = -4*k + 1077, -2*k + 4138 = 3*g. What is the greatest common divisor of g and 129?
43
Let q be 8/36 + 897/(-27). Let k = -28 - q. Let w(o) = 27*o - 7. Let x be w(k). Calculate the highest common divisor of x and 32.
32
Suppose 0 = -3*p + p + 208. Let q be (-1)/((-3)/((-885)/5)). Let j = 72 + q. Calculate the greatest common divisor of j and p.
13
Let d be (2210/91)/((-1)/(-28)*-2). Let s be 4/1 + 1 - d. What is the greatest common factor of 23 and s?
23
Suppose -2*z + 276 = 3*m, -4*m = z - m - 141. Suppose 0 = c - 170 + z. What is the greatest common divisor of c and 20?
5
Suppose -3*m + 1563 = -18957. Suppose 2*d + m = 21*d. What is the greatest common factor of d and 40?
40
Suppose -8*u - 1026 = -5338. Suppose -13*o - 97 + u = 0. What is the greatest common factor of o and 1326?
34
Suppose 2*h - 4*b = -0*h + 9412, 5*b = -3*h + 14173. What is the highest common divisor of h and 144?
36
Suppose -29*h - 298 = 61*h - 1918. Calculate the highest common factor of h and 18819.
9
Let y be 2*7 - (0 - 0). Suppose 38 + 687 = -25*r. Let c = 125 - r. What is the highest common divisor of y and c?
14
Let o = -3 + 33. Suppose 23*p = 26*p - 21. Suppose p*b - 60 = b. What is the highest common factor of o and b?
10
Let b be 468*-9*2/(-96)*(-41 + 317). Calculate the greatest common divisor of 69 and b.
69
Let a(g) = 3*g - 15. Let d be a(6). Let m be (d + 0)/(6/(-136)). Let i = m - -106. Calculate the highest common divisor of 57 and i.
19
Let o(d) = d**2 + 397*d + 10673. Let b be o(-29). What is the greatest common divisor of 5791 and b?
1
Let r = 11 - -18. Suppose 32*t - r*t = 198. Calculate the greatest common divisor of 9 and t.
3
Let d be 5 - 0 - -826 - 8. Suppose -15 = -5*s, -8*s + 9*s = -o + d. What is the highest common divisor of 20 and o?
20
Let m = 23085 - 23025. What is the highest common divisor of 705 and m?
15
Let g(a) = 46*a**3 - 79*a**2 + 160*a + 32. Let c be g(10). What is the greatest common divisor of c and 308?
308
Suppose -39 + 41 = 2*y - 110. What is the greatest common divisor of y and 5292?
28
Suppose -5*l = -45, -163*u + 165*u - l = 6541. What is the highest common divisor of 275 and u?
25
Let o(k) = -16*k - 3. Suppose 0*a = -2*a - 10. Let q be o(a). Suppose 4*b - 22 = -3*j, -b = 4*j - 173 + 174. What is the greatest common divisor of b and q?
7
Let k(r) = r**3 - 5*r**2 - 197*r + 33. Let w be k(17). Suppose 3*i + b = 52, 0 = -i + 3*b - b + 29. Calculate the greatest common factor of w and i.
19
Let i(c) = -3*c**3 + 7*c**2 - 5*c + 27. Let s be i(5). Let p = s + 214. What is the greatest common factor of p and 32?
16
Suppose 6 = 3*x + 3*i + 3, -3*x + 7 = 2*i. Let u(q) be the first derivative of 21*q**2/2 + q + 153. Let s be u(0). What is the highest common factor of x and s?
1
Let r(y) = -17*y**3 - 2*y**2 - 3*y - 2. Let w be 9/(-12) - (-4)/(-16). Let h be r(w). Suppose 4*d = h + 20. What is the greatest common divisor of 3 and d?
3
Suppose -9*t + 15*t + 504 = 0. Let q be 90 + t - (5/1 + 0). Calculate the highest common factor of 9 and q.
1
Suppose -256*h = -87*h - 4022707. Calculate the greatest common factor of 13 and h.
13
Suppose -p + 5*q - 25 = -3*p, -4*p + 2*q = -86. Suppose 46*h = 36*h + p. Calculate the highest common divisor of 1 and h.
1
Let w be (-2 - (-159 - -1)) + 1 + -1. What is the greatest common factor of 507 and w?
39
Suppose -68*h + 582 = m - 71*h, -m + h + 574 = 0. Calculate the highest common divisor of 798 and m.
114
Let j = 40 + -35. Suppose -191 = -j*a + 559. Calculate the greatest common divisor of 30 and a.
30
Let p be (5 + 66/(-12))/(3/(-66)). Suppose -708 = 15*q - 1038. Calculate the highest common factor of p and q.
11
Suppose 0 = -n - 3*c - 2*c - 17, -5*c + 15 = 5*n. Let t(k) = -26 + 26 + 22*k**2 + 2*k + 0*k. Let q be t(1). What is the highest common factor of q and n?
8
Suppose x + 7 = 3*x + 5*y, x + 2*y = 6. Let s(g) = -177*g + 8. Let j be s(-8). Calculate the highest common divisor of x and j.
16
Let f be 4/(-10) - 31680/(-825). Calculate the highest common factor of 94 and f.
2
Let n(d) = 446*d - 99. Let x be n(3). What is the highest common factor of 42 and x?
21
Suppose 0*g + 129 = 3*g. Let b be (-17)/((-102)/555)*16/10. Suppose 1935 = b*l - 139*l. What is the greatest common factor of g and l?
43
Let u be (4 + -5)*-9*(-2 - 2). Let j be (1/((-15)/u))/(12/40). What is the highest common factor of 88 and j?
8
Let r = -16357 + 16490. Calculate the highest common divisor of r and 570.
19
Let u(c) = -c**2 + 11*c - 4. Let j be u(9). Suppose 5*s + 6 = -79. Let v = s - -73. Calculate the greatest common factor of j and v.
14
Let x(u) = -u**3 - 3*u**2 + 10*u - 26. Let d be x(-6). Calculate the highest common factor of 2453 and d.
11
Let j = -109368 + 109436. Let w = 8 - 4. What is the greatest common divisor of w and j?
4
Let w be 775 - (-1)/(2 + -3). Let k be -3 - -1 - -23 - (-63 - -66). Calculate the greatest common factor of w and k.
18
Suppose -j + 31550 = 4*b, -3*b = -3*j + 62874 + 31731. What is the highest common divisor of 26 and j?
26
Let m = -2671 - -2684. What is the greatest common factor of 6799 and m?
13
Suppose -45 = 3*r + 36. Let i = -12 - r. Suppose f - 130 = 2*k, -2*k + k = 5*f - 595. Calculate the greatest common factor of i and f.
15
Let h = 18 + -16. Suppose p + 2*w + 3*w = -6, 32 = -3*p - w. Let g(t) = 2*t**3 + 23*t**2 + 9*t. Let k be g(p). Calculate the greatest common factor of h and k.
2
Let n be 476/5*(-45)/(-9). Suppose -57691*v = -57688*v - 84. What is